it of 181016291?
1
What is the millions digit of 28714645?
8
What is the thousands digit of 137207605?
7
What is the thousands digit of 48965277?
5
What is the units digit of 320703774?
4
What is the hundreds digit of 25724556?
5
What is the units digit of 259191970?
0
What is the ten millions digit of 823032725?
2
What is the thousands digit of 1276228901?
8
What is the hundred millions digit of 638528096?
6
What is the hundreds digit of 39627602?
6
What is the hundred thousands digit of 166486192?
4
What is the tens digit of 647439?
3
What is the tens digit of 7784426783?
8
What is the units digit of 485336904?
4
What is the hundreds digit of 43744655?
6
What is the ten thousands digit of 32287183?
8
What is the thousands digit of 305838631?
8
What is the millions digit of 53683726?
3
What is the ten millions digit of 1870884224?
7
What is the units digit of 450685624?
4
What is the ten millions digit of 490535731?
9
What is the units digit of 397327743?
3
What is the ten millions digit of 95089740?
9
What is the millions digit of 1360733498?
0
What is the tens digit of 7817457353?
5
What is the millions digit of 1309587016?
9
What is the thousands digit of 4844149?
4
What is the tens digit of 1910841477?
7
What is the thousands digit of 281604514?
4
What is the hundred thousands digit of 102402539?
4
What is the hundred millions digit of 197050850?
1
What is the hundred millions digit of 2558126028?
5
What is the units digit of 781483108?
8
What is the tens digit of 8609193?
9
What is the hundred millions digit of 601810542?
6
What is the hundred thousands digit of 66612706?
6
What is the hundreds digit of 67555552?
5
What is the tens digit of 57640588?
8
What is the ten millions digit of 647899416?
4
What is the hundred thousands digit of 1189521826?
5
What is the units digit of 1168187559?
9
What is the hundred millions digit of 243027421?
2
What is the hundred millions digit of 4419052217?
4
What is the units digit of 1249472056?
6
What is the tens digit of 214644884?
8
What is the units digit of 37733756?
6
What is the millions digit of 146156762?
6
What is the hundred thousands digit of 828186248?
1
What is the tens digit of 32815561?
6
What is the thousands digit of 56234525?
4
What is the tens digit of 83116723?
2
What is the millions digit of 1222018148?
2
What is the units digit of 808335359?
9
What is the tens digit of 49006815?
1
What is the ten thousands digit of 69493984?
9
What is the ten millions digit of 1410838094?
1
What is the ten thousands digit of 38780349?
8
What is the thousands digit of 14411511?
1
What is the millions digit of 904279837?
4
What is the billions digit of 4889417686?
4
What is the millions digit of 210370349?
0
What is the units digit of 6870367?
7
What is the millions digit of 218382641?
8
What is the ten millions digit of 38558270?
3
What is the units digit of 45563696?
6
What is the hundred thousands digit of 783498464?
4
What is the hundred millions digit of 344727124?
3
What is the billions digit of 7866266552?
7
What is the millions digit of 284913163?
4
What is the ten thousands digit of 203280206?
8
What is the hundred thousands digit of 9500533?
5
What is the hundred millions digit of 296351143?
2
What is the hundred thousands digit of 290440648?
4
What is the millions digit of 548981843?
8
What is the hundreds digit of 1107384073?
0
What is the ten thousands digit of 107590216?
9
What is the billions digit of 3059534621?
3
What is the ten thousands digit of 932645428?
4
What is the ten thousands digit of 93824783?
2
What is the hundred thousands digit of 146593740?
5
What is the hundred thousands digit of 380845100?
8
What is the ten millions digit of 52472969?
5
What is the hundred thousands digit of 1005764868?
7
What is the ten millions digit of 1683639859?
8
What is the thousands digit of 3730374618?
4
What is the thousands digit of 1302344601?
4
What is the ten millions digit of 37185390?
3
What is the ten millions digit of 4213443996?
1
What is the hundreds digit of 911509848?
8
What is the ten thousands digit of 50551006?
5
What is the ten thousands digit of 168139573?
3
What is the millions digit of 1193314237?
3
What is the ten thousands digit of 49501205?
0
What is the thousands digit of 4252502345?
2
What is the ten thousands digit of 11951144?
5
What is the ten millions digit of 1260163216?
6
What is the hundreds digit of 170294392?
3
What is the billions digit of 4482435466?
4
What is the tens digit of 205268366?
6
What is the ten thousands digit of 59980527?
8
What is the hundred thousands digit of 52279605?
2
What is the billions digit of 1375208229?
1
What is the thousands digit of 3255424705?
4
What is the millions digit of 211545476?
1
What is the millions digit of 69803800?
9
What is the hundred millions digit of 5913644756?
9
What is the millions digit of 56435401?
6
What is the ten thousands digit of 767820293?
2
What is the thousands digit of 11683956?
3
What is the hundred thousands digit of 685141?
6
What is the hundreds digit of 43305826?
8
What is the units digit of 434242355?
5
What is the tens digit of 170409990?
9
What is the millions digit of 20527092?
0
What is the millions digit of 587694727?
7
What is the millions digit of 3858298?
3
What is the tens digit of 89886551?
5
What is the ten thousands digit of 627679965?
7
What is the hundred millions digit of 113887373?
1
What is the hundreds digit of 371467086?
0
What is the tens digit of 497944340?
4
What is the millions digit of 1379391383?
9
What is the thousands digit of 4458681171?
1
What is the thousands digit of 108039879?
9
What is the units digit of 77877400?
0
What is the ten millions digit of 98678642?
9
What is the tens digit of 1086147404?
0
What is the ten thousands digit of 388532673?
3
What is the units digit of 46258220?
0
What is the tens digit of 32162919?
1
What is the hundred thousands digit of 54984001?
9
What is the units digit of 1596180576?
6
What is the millions digit of 175998729?
5
What is the units digit of 170592904?
4
What is the millions digit of 80185314?
0
What is the units digit of 820472164?
4
What is the billions digit of 2695643870?
2
What is the hundreds digit of 94459377?
3
What is the hundreds digit of 80822371?
3
What is the ten millions digit of 68592076?
6
What is the units digit of 652334059?
9
What is the billions digit of 1515407807?
1
What is the hundred thousands digit of 71134363?
1
What is the units digit of 319483282?
2
What is the tens digit of 434466291?
9
What is the tens digit of 638192241?
4
What is the hundred thousands digit of 18640151?
6
What is the units digit of 3721677544?
4
What is the ten thousands digit of 46737621?
3
What is the hundreds digit of 6696192564?
5
What is the units digit of 735558601?
1
What is the hundreds digit of 5847600660?
6
What is the thousands digit of 41873794?
3
What is the millions digit of 622127680?
2
What is the ten millions digit of 464539037?
6
What is the units digit of 2439001780?
0
What is the units digit of 33126976?
6
What is the tens digit of 275972803?
0
What is the hundreds digit of 6242263391?
3
What is the hundreds digit of 55244358?
3
What is the units digit of 629735908?
8
What is the ten thousands digit of 62372425?
7
What is the hundreds digit of 23302979?
9
What is the tens digit of 90659566?
6
What is the hundred millions digit of 128170695?
1
What is the ten thousands digit of 360586389?
8
What is the hundred millions digit of 492360623?
4
What is the tens digit of 696766598?
9
What is the hundred thousands digit of 301845453?
8
What is the ten millions digit of 51206529?
5
What is the thousands digit of 12857921?
7
What is the thousands digit of 126147344?
7
What is the millions digit of 835913035?
5
What is the millions digit of 3979761266?
9
What is the ten thousands digit of 79866633?
6
What is the ten millions digit of 87664711?
8
What is the billions digit of 5604667721?
5
What is the hundred thousands digit of 1018119573?
1
What is the ten millions digit of 186608262?
8
What is the tens digit of 27305257?
5
What is the hundred thousands digit of 12664856?
6
What is the hundred thousands digit of 225510187?
5
What is the units digit of 506144082?
2
What is the thousands digit of 46881887?
1